{"id":470,"date":"2024-10-20T18:18:10","date_gmt":"2024-10-20T16:18:10","guid":{"rendered":"https:\/\/feuerwehr-bad-zwischenahn.de\/Feuerwehr\/?page_id=470"},"modified":"2025-05-28T20:37:53","modified_gmt":"2025-05-28T18:37:53","slug":"kfb-bereitschaft","status":"publish","type":"page","link":"https:\/\/feuerwehr-bad-zwischenahn.de\/Feuerwehr\/kfb-bereitschaft\/","title":{"rendered":"KFB-Bereitschaft"},"content":{"rendered":"<div  class='flex_column av-6np7y-97f9f1f6d208797e5dadb76a7b61eab3 av_one_full  avia-builder-el-0  el_before_av_one_half  avia-builder-el-first  first flex_column_div  '     ><div  class='av-hotspot-image-container av-m4j11fut-e52016b2139faf52f0a7cafe3686be50  avia-builder-el-1  avia-builder-el-no-sibling  av-hotspot-numbered av-mobile-fallback-active  av-non-fullwidth-hotspot-image'  itemprop=\"image\" itemscope=\"itemscope\" itemtype=\"https:\/\/schema.org\/ImageObject\" ><div class='av-hotspot-container'><div class='av-hotspot-container-inner-cell'><div class='av-hotspot-container-inner-wrap'><img decoding=\"async\" fetchpriority=\"high\" class='wp-image-649 avia-img-lazy-loading-not-649 avia_image' src=\"https:\/\/feuerwehr-bad-zwischenahn.de\/Feuerwehr\/wp-content\/uploads\/2024\/12\/KFBAufstellung-1030x773.jpeg\" alt='' title='KFBAufstellung'  height=\"773\" width=\"1030\"  itemprop=\"thumbnailUrl\" srcset=\"https:\/\/feuerwehr-bad-zwischenahn.de\/Feuerwehr\/wp-content\/uploads\/2024\/12\/KFBAufstellung-1030x773.jpeg 1030w, https:\/\/feuerwehr-bad-zwischenahn.de\/Feuerwehr\/wp-content\/uploads\/2024\/12\/KFBAufstellung-300x225.jpeg 300w, https:\/\/feuerwehr-bad-zwischenahn.de\/Feuerwehr\/wp-content\/uploads\/2024\/12\/KFBAufstellung-768x576.jpeg 768w, https:\/\/feuerwehr-bad-zwischenahn.de\/Feuerwehr\/wp-content\/uploads\/2024\/12\/KFBAufstellung-705x529.jpeg 705w, https:\/\/feuerwehr-bad-zwischenahn.de\/Feuerwehr\/wp-content\/uploads\/2024\/12\/KFBAufstellung.jpeg 1365w\" sizes=\"(max-width: 1030px) 100vw, 1030px\" \/><\/div><\/div><\/div><\/div><\/div>\n<div  class='flex_column av-foby6-8a012e6b53980a725c71ad00c29a83fd av_one_half  avia-builder-el-2  el_after_av_one_full  el_before_av_one_half  first flex_column_div  column-top-margin'     ><p><section  class='av_textblock_section av-m2hvalba-ed33ef7baac09ac922a3f3f3e54348cd '   itemscope=\"itemscope\" itemtype=\"https:\/\/schema.org\/CreativeWork\" ><div class='avia_textblock'  itemprop=\"text\" ><p><strong>2. Zug \u2013 Fachzug Technische Hilfeleistung (FZTH)<\/strong><br \/>\n<strong>Zugf\u00fchrer:<\/strong> Kai Oliver Schr\u00f6der, FF Bad Zwischenahn<br \/>\n<strong>F\u00fchrungsassistent:<\/strong> Jan Hendrik Friedrich, FF Bad Zwischenahn<\/p>\n<p><strong>Aufgabe:<\/strong> Der 2. Zug, auch bekannt als Fachzug Technische Hilfeleistung (FZTH), ist darauf spezialisiert, bei gro\u00dffl\u00e4chigen Schadenslagen schnell und effizient einzugreifen. Seine Einsatzgebiete umfassen die R\u00e4umung von durch Naturkatastrophen oder Unf\u00e4lle blockierten Verkehrswegen sowie das Schaffen von Zug\u00e4ngen zu schwer erreichbaren Wasserentnahmestellen. Wo Technik versagt, bringt der FZTH schweres Ger\u00e4t ins Spiel und sorgt daf\u00fcr, dass Einsatzkr\u00e4fte weiterhin handlungsf\u00e4hig bleiben.<\/p>\n<p>F\u00fcr den 2. Zug stellt die Feuerwehr Bad Zwischenahn F\u00fchrungskr\u00e4fte.<\/p>\n<\/div><\/section><br \/>\n<section  class='av_textblock_section av-m2hvbe9f-8625f26ae03d0fd852762932fafa2ab6 '   itemscope=\"itemscope\" itemtype=\"https:\/\/schema.org\/CreativeWork\" ><div class='avia_textblock'  itemprop=\"text\" ><ul>\n<li><strong>ELW 1<\/strong>, Westerstede\u2013 Florian Ammerland 15-17-1<\/li>\n<li><strong>HLF 10<\/strong>, Bokel-Augustfehn\u2013 Florian Ammerland 11-46-2<\/li>\n<li><strong>HLF 10<\/strong>, Ohrwege\u2013 Florian Ammerland 12-46-7<\/li>\n<li><strong>RW,\u00a0<\/strong>Husb\u00e4ke &#8211; Florian Ammerland 13-51-1<\/li>\n<\/ul>\n<\/div><\/section><\/p><\/div><div  class='flex_column av-bu4n2-bcbc94dc2abdd78691c50dca03a6f40e av_one_half  avia-builder-el-5  el_after_av_one_half  avia-builder-el-last  flex_column_div  column-top-margin'     ><p><section  class='av_textblock_section av-mb7k49md-004f51dfce07b4973d2d2d975ae09528 '   itemscope=\"itemscope\" itemtype=\"https:\/\/schema.org\/CreativeWork\" ><div class='avia_textblock'  itemprop=\"text\" ><p><strong>4. Zug \u2013 Fachzug Brandschutz 2 (BS 2)<\/strong><br \/>\n<strong>Zugf\u00fchrer:<\/strong> Ingo Jan\u00dfen, FF Wiefelstede<br \/>\n<strong>F\u00fchrungsassistent:<\/strong> Marcel Meyer, FF Wiefelstede<\/p>\n<p><strong>Aufgabe:<\/strong> Der 4. Zug, dient dazu bei Gro\u00dfbr\u00e4nden bei der Wasserversorgung und Brandbek\u00e4mpfung zu unterst\u00fctzen. Auch Wasserversorgungen \u00fcber lange Wegstrecken u.o, Pendelverkehrsverfahren sind dank des GW-L und des TLF m\u00f6glich.<\/p>\n<p>F\u00fcr den 4. Zug stellt die Feuerwehr Bad Zwischenahn den <a href=\"https:\/\/feuerwehr-bad-zwischenahn.de\/Feuerwehr\/?page_id=158\">Ger\u00e4tewagen Logistik<\/a>.<\/p>\n<\/div><\/section><br \/>\n<section  class='av_textblock_section av-mb7k70ga-5b32d94f2dcdb3307a6b94e3f704e228 '   itemscope=\"itemscope\" itemtype=\"https:\/\/schema.org\/CreativeWork\" ><div class='avia_textblock'  itemprop=\"text\" ><ul>\n<li><strong>ELW 1<\/strong>, Wiefelstede \u2013 Florian Ammerland 16-17-1<\/li>\n<li><strong>TLF 20\/24<\/strong>, Wiefelstede \u2013 Florian Ammerland 16-23-41<\/li>\n<li><strong>LF 20<\/strong>, Westerstede \u2013 Florian Ammerland 15-47-1<\/li>\n<li><strong>GW-L<\/strong>, Bad Zwischenahn \u2013 Florian Ammerland 12-68-1<\/li>\n<\/ul>\n<\/div><\/section><\/p><\/div><\/p>\n","protected":false},"excerpt":{"rendered":"","protected":false},"author":2,"featured_media":0,"parent":0,"menu_order":0,"comment_status":"closed","ping_status":"closed","template":"","meta":{"footnotes":""},"class_list":["post-470","page","type-page","status-publish","hentry"],"yoast_head":"<!-- This site is optimized with the Yoast SEO plugin v27.4 - https:\/\/yoast.com\/product\/yoast-seo-wordpress\/ -->\n<title>KFB-Bereitschaft - Feuerwehr Bad Zwischenahn<\/title>\n<meta name=\"robots\" content=\"index, follow, max-snippet:-1, max-image-preview:large, max-video-preview:-1\" \/>\n<link rel=\"canonical\" href=\"https:\/\/feuerwehr-bad-zwischenahn.de\/Feuerwehr\/kfb-bereitschaft\/\" \/>\n<meta property=\"og:locale\" content=\"de_DE\" \/>\n<meta property=\"og:type\" content=\"article\" \/>\n<meta property=\"og:title\" content=\"KFB-Bereitschaft - Feuerwehr Bad Zwischenahn\" \/>\n<meta property=\"og:url\" content=\"https:\/\/feuerwehr-bad-zwischenahn.de\/Feuerwehr\/kfb-bereitschaft\/\" \/>\n<meta property=\"og:site_name\" content=\"Feuerwehr Bad Zwischenahn\" \/>\n<meta property=\"article:modified_time\" content=\"2025-05-28T18:37:53+00:00\" \/>\n<meta name=\"twitter:card\" content=\"summary_large_image\" \/>\n<meta name=\"twitter:label1\" content=\"Gesch\u00e4tzte Lesezeit\" \/>\n\t<meta name=\"twitter:data1\" content=\"2\u00a0Minuten\" \/>\n<script type=\"application\/ld+json\" class=\"yoast-schema-graph\">{\"@context\":\"https:\\\/\\\/schema.org\",\"@graph\":[{\"@type\":\"WebPage\",\"@id\":\"https:\\\/\\\/feuerwehr-bad-zwischenahn.de\\\/Feuerwehr\\\/kfb-bereitschaft\\\/\",\"url\":\"https:\\\/\\\/feuerwehr-bad-zwischenahn.de\\\/Feuerwehr\\\/kfb-bereitschaft\\\/\",\"name\":\"KFB-Bereitschaft - Feuerwehr Bad Zwischenahn\",\"isPartOf\":{\"@id\":\"https:\\\/\\\/feuerwehr-bad-zwischenahn.de\\\/Feuerwehr\\\/#website\"},\"datePublished\":\"2024-10-20T16:18:10+00:00\",\"dateModified\":\"2025-05-28T18:37:53+00:00\",\"breadcrumb\":{\"@id\":\"https:\\\/\\\/feuerwehr-bad-zwischenahn.de\\\/Feuerwehr\\\/kfb-bereitschaft\\\/#breadcrumb\"},\"inLanguage\":\"de\",\"potentialAction\":[{\"@type\":\"ReadAction\",\"target\":[\"https:\\\/\\\/feuerwehr-bad-zwischenahn.de\\\/Feuerwehr\\\/kfb-bereitschaft\\\/\"]}]},{\"@type\":\"BreadcrumbList\",\"@id\":\"https:\\\/\\\/feuerwehr-bad-zwischenahn.de\\\/Feuerwehr\\\/kfb-bereitschaft\\\/#breadcrumb\",\"itemListElement\":[{\"@type\":\"ListItem\",\"position\":1,\"name\":\"Startseite\",\"item\":\"https:\\\/\\\/feuerwehr-bad-zwischenahn.de\\\/Feuerwehr\\\/\"},{\"@type\":\"ListItem\",\"position\":2,\"name\":\"KFB-Bereitschaft\"}]},{\"@type\":\"WebSite\",\"@id\":\"https:\\\/\\\/feuerwehr-bad-zwischenahn.de\\\/Feuerwehr\\\/#website\",\"url\":\"https:\\\/\\\/feuerwehr-bad-zwischenahn.de\\\/Feuerwehr\\\/\",\"name\":\"Feuerwehr Bad Zwischenahn\",\"description\":\"\",\"potentialAction\":[{\"@type\":\"SearchAction\",\"target\":{\"@type\":\"EntryPoint\",\"urlTemplate\":\"https:\\\/\\\/feuerwehr-bad-zwischenahn.de\\\/Feuerwehr\\\/?s={search_term_string}\"},\"query-input\":{\"@type\":\"PropertyValueSpecification\",\"valueRequired\":true,\"valueName\":\"search_term_string\"}}],\"inLanguage\":\"de\"}]}<\/script>\n<!-- \/ Yoast SEO plugin. -->","yoast_head_json":{"title":"KFB-Bereitschaft - Feuerwehr Bad Zwischenahn","robots":{"index":"index","follow":"follow","max-snippet":"max-snippet:-1","max-image-preview":"max-image-preview:large","max-video-preview":"max-video-preview:-1"},"canonical":"https:\/\/feuerwehr-bad-zwischenahn.de\/Feuerwehr\/kfb-bereitschaft\/","og_locale":"de_DE","og_type":"article","og_title":"KFB-Bereitschaft - Feuerwehr Bad Zwischenahn","og_url":"https:\/\/feuerwehr-bad-zwischenahn.de\/Feuerwehr\/kfb-bereitschaft\/","og_site_name":"Feuerwehr Bad Zwischenahn","article_modified_time":"2025-05-28T18:37:53+00:00","twitter_card":"summary_large_image","twitter_misc":{"Gesch\u00e4tzte Lesezeit":"2\u00a0Minuten"},"schema":{"@context":"https:\/\/schema.org","@graph":[{"@type":"WebPage","@id":"https:\/\/feuerwehr-bad-zwischenahn.de\/Feuerwehr\/kfb-bereitschaft\/","url":"https:\/\/feuerwehr-bad-zwischenahn.de\/Feuerwehr\/kfb-bereitschaft\/","name":"KFB-Bereitschaft - Feuerwehr Bad Zwischenahn","isPartOf":{"@id":"https:\/\/feuerwehr-bad-zwischenahn.de\/Feuerwehr\/#website"},"datePublished":"2024-10-20T16:18:10+00:00","dateModified":"2025-05-28T18:37:53+00:00","breadcrumb":{"@id":"https:\/\/feuerwehr-bad-zwischenahn.de\/Feuerwehr\/kfb-bereitschaft\/#breadcrumb"},"inLanguage":"de","potentialAction":[{"@type":"ReadAction","target":["https:\/\/feuerwehr-bad-zwischenahn.de\/Feuerwehr\/kfb-bereitschaft\/"]}]},{"@type":"BreadcrumbList","@id":"https:\/\/feuerwehr-bad-zwischenahn.de\/Feuerwehr\/kfb-bereitschaft\/#breadcrumb","itemListElement":[{"@type":"ListItem","position":1,"name":"Startseite","item":"https:\/\/feuerwehr-bad-zwischenahn.de\/Feuerwehr\/"},{"@type":"ListItem","position":2,"name":"KFB-Bereitschaft"}]},{"@type":"WebSite","@id":"https:\/\/feuerwehr-bad-zwischenahn.de\/Feuerwehr\/#website","url":"https:\/\/feuerwehr-bad-zwischenahn.de\/Feuerwehr\/","name":"Feuerwehr Bad Zwischenahn","description":"","potentialAction":[{"@type":"SearchAction","target":{"@type":"EntryPoint","urlTemplate":"https:\/\/feuerwehr-bad-zwischenahn.de\/Feuerwehr\/?s={search_term_string}"},"query-input":{"@type":"PropertyValueSpecification","valueRequired":true,"valueName":"search_term_string"}}],"inLanguage":"de"}]}},"_links":{"self":[{"href":"https:\/\/feuerwehr-bad-zwischenahn.de\/Feuerwehr\/wp-json\/wp\/v2\/pages\/470","targetHints":{"allow":["GET"]}}],"collection":[{"href":"https:\/\/feuerwehr-bad-zwischenahn.de\/Feuerwehr\/wp-json\/wp\/v2\/pages"}],"about":[{"href":"https:\/\/feuerwehr-bad-zwischenahn.de\/Feuerwehr\/wp-json\/wp\/v2\/types\/page"}],"author":[{"embeddable":true,"href":"https:\/\/feuerwehr-bad-zwischenahn.de\/Feuerwehr\/wp-json\/wp\/v2\/users\/2"}],"replies":[{"embeddable":true,"href":"https:\/\/feuerwehr-bad-zwischenahn.de\/Feuerwehr\/wp-json\/wp\/v2\/comments?post=470"}],"version-history":[{"count":9,"href":"https:\/\/feuerwehr-bad-zwischenahn.de\/Feuerwehr\/wp-json\/wp\/v2\/pages\/470\/revisions"}],"predecessor-version":[{"id":2314,"href":"https:\/\/feuerwehr-bad-zwischenahn.de\/Feuerwehr\/wp-json\/wp\/v2\/pages\/470\/revisions\/2314"}],"wp:attachment":[{"href":"https:\/\/feuerwehr-bad-zwischenahn.de\/Feuerwehr\/wp-json\/wp\/v2\/media?parent=470"}],"curies":[{"name":"wp","href":"https:\/\/api.w.org\/{rel}","templated":true}]}}

<div  class='flex_column av-6np7y-97f9f1f6d208797e5dadb76a7b61eab3 av_one_full  avia-builder-el-0  el_before_av_one_half  avia-builder-el-first  first flex_column_div  '     ><div  class='av-hotspot-image-container av-m4j11fut-e52016b2139faf52f0a7cafe3686be50  avia-builder-el-1  avia-builder-el-no-sibling  av-hotspot-numbered av-mobile-fallback-active  av-non-fullwidth-hotspot-image'  itemprop="image" itemscope="itemscope" itemtype="https://schema.org/ImageObject" ><div class='av-hotspot-container'><div class='av-hotspot-container-inner-cell'><div class='av-hotspot-container-inner-wrap'><img decoding="async" fetchpriority="high" class='wp-image-649 avia-img-lazy-loading-not-649 avia_image' src="https://feuerwehr-bad-zwischenahn.de/Feuerwehr/wp-content/uploads/2024/12/KFBAufstellung-1030x773.jpeg" alt='' title='KFBAufstellung'  height="773" width="1030"  itemprop="thumbnailUrl" srcset="https://feuerwehr-bad-zwischenahn.de/Feuerwehr/wp-content/uploads/2024/12/KFBAufstellung-1030x773.jpeg 1030w, https://feuerwehr-bad-zwischenahn.de/Feuerwehr/wp-content/uploads/2024/12/KFBAufstellung-300x225.jpeg 300w, https://feuerwehr-bad-zwischenahn.de/Feuerwehr/wp-content/uploads/2024/12/KFBAufstellung-768x576.jpeg 768w, https://feuerwehr-bad-zwischenahn.de/Feuerwehr/wp-content/uploads/2024/12/KFBAufstellung-705x529.jpeg 705w, https://feuerwehr-bad-zwischenahn.de/Feuerwehr/wp-content/uploads/2024/12/KFBAufstellung.jpeg 1365w" sizes="(max-width: 1030px) 100vw, 1030px" /></div></div></div></div></div>
<div  class='flex_column av-foby6-8a012e6b53980a725c71ad00c29a83fd av_one_half  avia-builder-el-2  el_after_av_one_full  el_before_av_one_half  first flex_column_div  column-top-margin'     ><p><section  class='av_textblock_section av-m2hvalba-ed33ef7baac09ac922a3f3f3e54348cd '   itemscope="itemscope" itemtype="https://schema.org/CreativeWork" ><div class='avia_textblock'  itemprop="text" ><p><strong>2. Zug – Fachzug Technische Hilfeleistung (FZTH)</strong><br />
<strong>Zugführer:</strong> Kai Oliver Schröder, FF Bad Zwischenahn<br />
<strong>Führungsassistent:</strong> Jan Hendrik Friedrich, FF Bad Zwischenahn</p>
<p><strong>Aufgabe:</strong> Der 2. Zug, auch bekannt als Fachzug Technische Hilfeleistung (FZTH), ist darauf spezialisiert, bei großflächigen Schadenslagen schnell und effizient einzugreifen. Seine Einsatzgebiete umfassen die Räumung von durch Naturkatastrophen oder Unfälle blockierten Verkehrswegen sowie das Schaffen von Zugängen zu schwer erreichbaren Wasserentnahmestellen. Wo Technik versagt, bringt der FZTH schweres Gerät ins Spiel und sorgt dafür, dass Einsatzkräfte weiterhin handlungsfähig bleiben.</p>
<p>Für den 2. Zug stellt die Feuerwehr Bad Zwischenahn Führungskräfte.</p>
</div></section><br />
<section  class='av_textblock_section av-m2hvbe9f-8625f26ae03d0fd852762932fafa2ab6 '   itemscope="itemscope" itemtype="https://schema.org/CreativeWork" ><div class='avia_textblock'  itemprop="text" ><ul>
<li><strong>ELW 1</strong>, Westerstede– Florian Ammerland 15-17-1</li>
<li><strong>HLF 10</strong>, Bokel-Augustfehn– Florian Ammerland 11-46-2</li>
<li><strong>HLF 10</strong>, Ohrwege– Florian Ammerland 12-46-7</li>
<li><strong>RW, </strong>Husbäke &#8211; Florian Ammerland 13-51-1</li>
</ul>
</div></section></p></div><div  class='flex_column av-bu4n2-bcbc94dc2abdd78691c50dca03a6f40e av_one_half  avia-builder-el-5  el_after_av_one_half  avia-builder-el-last  flex_column_div  column-top-margin'     ><p><section  class='av_textblock_section av-mb7k49md-004f51dfce07b4973d2d2d975ae09528 '   itemscope="itemscope" itemtype="https://schema.org/CreativeWork" ><div class='avia_textblock'  itemprop="text" ><p><strong>4. Zug – Fachzug Brandschutz 2 (BS 2)</strong><br />
<strong>Zugführer:</strong> Ingo Janßen, FF Wiefelstede<br />
<strong>Führungsassistent:</strong> Marcel Meyer, FF Wiefelstede</p>
<p><strong>Aufgabe:</strong> Der 4. Zug, dient dazu bei Großbränden bei der Wasserversorgung und Brandbekämpfung zu unterstützen. Auch Wasserversorgungen über lange Wegstrecken u.o, Pendelverkehrsverfahren sind dank des GW-L und des TLF möglich.</p>
<p>Für den 4. Zug stellt die Feuerwehr Bad Zwischenahn den <a href="https://feuerwehr-bad-zwischenahn.de/Feuerwehr/?page_id=158">Gerätewagen Logistik</a>.</p>
</div></section><br />
<section  class='av_textblock_section av-mb7k70ga-5b32d94f2dcdb3307a6b94e3f704e228 '   itemscope="itemscope" itemtype="https://schema.org/CreativeWork" ><div class='avia_textblock'  itemprop="text" ><ul>
<li><strong>ELW 1</strong>, Wiefelstede – Florian Ammerland 16-17-1</li>
<li><strong>TLF 20/24</strong>, Wiefelstede – Florian Ammerland 16-23-41</li>
<li><strong>LF 20</strong>, Westerstede – Florian Ammerland 15-47-1</li>
<li><strong>GW-L</strong>, Bad Zwischenahn – Florian Ammerland 12-68-1</li>
</ul>
</div></section></p></div></p>

<!-- This site is optimized with the Yoast SEO plugin v27.4 - https://yoast.com/product/yoast-seo-wordpress/ -->
<title>KFB-Bereitschaft - Feuerwehr Bad Zwischenahn</title>
<meta name="robots" content="index, follow, max-snippet:-1, max-image-preview:large, max-video-preview:-1" />
<link rel="canonical" href="https://feuerwehr-bad-zwischenahn.de/Feuerwehr/kfb-bereitschaft/" />
<meta property="og:locale" content="de_DE" />
<meta property="og:type" content="article" />
<meta property="og:title" content="KFB-Bereitschaft - Feuerwehr Bad Zwischenahn" />
<meta property="og:url" content="https://feuerwehr-bad-zwischenahn.de/Feuerwehr/kfb-bereitschaft/" />
<meta property="og:site_name" content="Feuerwehr Bad Zwischenahn" />
<meta property="article:modified_time" content="2025-05-28T18:37:53+00:00" />
<meta name="twitter:card" content="summary_large_image" />
<meta name="twitter:label1" content="Geschätzte Lesezeit" />
	<meta name="twitter:data1" content="2 Minuten" />
<script type="application/ld+json" class="yoast-schema-graph">{"@context":"https:\/\/schema.org","@graph":[{"@type":"WebPage","@id":"https:\/\/feuerwehr-bad-zwischenahn.de\/Feuerwehr\/kfb-bereitschaft\/","url":"https:\/\/feuerwehr-bad-zwischenahn.de\/Feuerwehr\/kfb-bereitschaft\/","name":"KFB-Bereitschaft - Feuerwehr Bad Zwischenahn","isPartOf":{"@id":"https:\/\/feuerwehr-bad-zwischenahn.de\/Feuerwehr\/#website"},"datePublished":"2024-10-20T16:18:10+00:00","dateModified":"2025-05-28T18:37:53+00:00","breadcrumb":{"@id":"https:\/\/feuerwehr-bad-zwischenahn.de\/Feuerwehr\/kfb-bereitschaft\/#breadcrumb"},"inLanguage":"de","potentialAction":[{"@type":"ReadAction","target":["https:\/\/feuerwehr-bad-zwischenahn.de\/Feuerwehr\/kfb-bereitschaft\/"]}]},{"@type":"BreadcrumbList","@id":"https:\/\/feuerwehr-bad-zwischenahn.de\/Feuerwehr\/kfb-bereitschaft\/#breadcrumb","itemListElement":[{"@type":"ListItem","position":1,"name":"Startseite","item":"https:\/\/feuerwehr-bad-zwischenahn.de\/Feuerwehr\/"},{"@type":"ListItem","position":2,"name":"KFB-Bereitschaft"}]},{"@type":"WebSite","@id":"https:\/\/feuerwehr-bad-zwischenahn.de\/Feuerwehr\/#website","url":"https:\/\/feuerwehr-bad-zwischenahn.de\/Feuerwehr\/","name":"Feuerwehr Bad Zwischenahn","description":"","potentialAction":[{"@type":"SearchAction","target":{"@type":"EntryPoint","urlTemplate":"https:\/\/feuerwehr-bad-zwischenahn.de\/Feuerwehr\/?s={search_term_string}"},"query-input":{"@type":"PropertyValueSpecification","valueRequired":true,"valueName":"search_term_string"}}],"inLanguage":"de"}]}</script>
<!-- / Yoast SEO plugin. -->
