{"id":2046,"date":"2025-04-20T16:33:54","date_gmt":"2025-04-20T14:33:54","guid":{"rendered":"https:\/\/feuerwehr-bad-zwischenahn.de\/Feuerwehr\/?page_id=2046"},"modified":"2025-05-27T09:45:49","modified_gmt":"2025-05-27T07:45:49","slug":"drohne","status":"publish","type":"page","link":"https:\/\/feuerwehr-bad-zwischenahn.de\/Feuerwehr\/drohne\/","title":{"rendered":"IuK"},"content":{"rendered":"<div  class='flex_column av-2hkhtq-d3981c4be6601393bbfcd83ae9717612 av_one_full  avia-builder-el-0  avia-builder-el-no-sibling  first flex_column_div  '     ><section  class='av_textblock_section av-mb4rhlce-763234bc5c87cba4a9b117f8232eb3ac '   itemscope=\"itemscope\" itemtype=\"https:\/\/schema.org\/CreativeWork\" ><div class='avia_textblock'  itemprop=\"text\" ><h3>Drohne<\/h3>\n<p>Die <strong>Fachgruppe Drohne<\/strong> wurde\u00a0 im Jahr 2021 gegr\u00fcndet um schnelle Hilfe ohne gr\u00f6\u00dferen Zeitverlust im eigenen Landkreis zu erm\u00f6glichen. Dabei wird auf Mitglieder der Gemeindefeuerwehren zur\u00fcckgegriffen, die diese im Ernstfall bedienen k\u00f6nnen.<\/p>\n<p>21 Kameraden lassen sich daf\u00fcr als Drohnenpiloten umfangreich ausbilden (A1\/A3, sowie A2 Fernpiloten Zeugnis der EASA und LBA).<br \/>\nZudem stehen zwei Drohnen zur Verf\u00fcgung:<br \/>\n&#8211; DJI Mavic Air 2<br \/>\n&#8211; DJI Matrice 300RTK mit H20T<\/p>\n<p>Zudem erh\u00e4lt die Drohnengruppe ein eigenes Transportmittel um unabh\u00e4ngiger zur Einsatzstelle fahren zu k\u00f6nnen.<\/p>\n<p>Die Drohne wird genutzt um bei einer Personensuche W\u00e4rmebildaufnahmen anfertigen zu k\u00f6nnen, bei Gro\u00dfbr\u00e4nden Glutnester anzuzeigen oder durch taktische Bilder dem Einsatzleiter zu unterst\u00fctzen.<\/p>\n<p>Mehr Infos auf der <a href=\"https:\/\/www.kreisfeuerwehr-ammerland.de\/fachzug-iuk\/\">Seite<\/a> der Kreisfeuerwehr Ammerland.<\/p>\n<h3>ELW 2<\/h3>\n<p>Die Fachgruppe um den ELW 2\u00a0 besteht aus Fernmeldepersonal und F\u00fchrungsassistenten die dem ELW 1 bei gr\u00f6\u00dferen Einsatzstellen unterst\u00fctzen. Hierbei geht es in erster Linie um den Kontakt von der E-Stelle zur Leitstelle. Auch ein Besprechungsraum ist vorhanden, in denen die Einsatzleiter und z.B. andere Beh\u00f6rden Lagebesprechungen abhalten k\u00f6nnen.<\/p>\n<\/div><\/section><\/div>\n","protected":false},"excerpt":{"rendered":"","protected":false},"author":6,"featured_media":0,"parent":0,"menu_order":0,"comment_status":"closed","ping_status":"closed","template":"","meta":{"footnotes":""},"class_list":["post-2046","page","type-page","status-publish","hentry"],"yoast_head":"<!-- This site is optimized with the Yoast SEO plugin v27.4 - https:\/\/yoast.com\/product\/yoast-seo-wordpress\/ -->\n<title>IuK - Feuerwehr Bad Zwischenahn<\/title>\n<meta name=\"robots\" content=\"index, follow, max-snippet:-1, max-image-preview:large, max-video-preview:-1\" \/>\n<link rel=\"canonical\" href=\"https:\/\/feuerwehr-bad-zwischenahn.de\/Feuerwehr\/drohne\/\" \/>\n<meta property=\"og:locale\" content=\"de_DE\" \/>\n<meta property=\"og:type\" content=\"article\" \/>\n<meta property=\"og:title\" content=\"IuK - Feuerwehr Bad Zwischenahn\" \/>\n<meta property=\"og:url\" content=\"https:\/\/feuerwehr-bad-zwischenahn.de\/Feuerwehr\/drohne\/\" \/>\n<meta property=\"og:site_name\" content=\"Feuerwehr Bad Zwischenahn\" \/>\n<meta property=\"article:modified_time\" content=\"2025-05-27T07:45:49+00:00\" \/>\n<meta name=\"twitter:card\" content=\"summary_large_image\" \/>\n<meta name=\"twitter:label1\" content=\"Gesch\u00e4tzte Lesezeit\" \/>\n\t<meta name=\"twitter:data1\" content=\"1\u00a0Minute\" \/>\n<script type=\"application\/ld+json\" class=\"yoast-schema-graph\">{\"@context\":\"https:\\\/\\\/schema.org\",\"@graph\":[{\"@type\":\"WebPage\",\"@id\":\"https:\\\/\\\/feuerwehr-bad-zwischenahn.de\\\/Feuerwehr\\\/drohne\\\/\",\"url\":\"https:\\\/\\\/feuerwehr-bad-zwischenahn.de\\\/Feuerwehr\\\/drohne\\\/\",\"name\":\"IuK - Feuerwehr Bad Zwischenahn\",\"isPartOf\":{\"@id\":\"https:\\\/\\\/feuerwehr-bad-zwischenahn.de\\\/Feuerwehr\\\/#website\"},\"datePublished\":\"2025-04-20T14:33:54+00:00\",\"dateModified\":\"2025-05-27T07:45:49+00:00\",\"breadcrumb\":{\"@id\":\"https:\\\/\\\/feuerwehr-bad-zwischenahn.de\\\/Feuerwehr\\\/drohne\\\/#breadcrumb\"},\"inLanguage\":\"de\",\"potentialAction\":[{\"@type\":\"ReadAction\",\"target\":[\"https:\\\/\\\/feuerwehr-bad-zwischenahn.de\\\/Feuerwehr\\\/drohne\\\/\"]}]},{\"@type\":\"BreadcrumbList\",\"@id\":\"https:\\\/\\\/feuerwehr-bad-zwischenahn.de\\\/Feuerwehr\\\/drohne\\\/#breadcrumb\",\"itemListElement\":[{\"@type\":\"ListItem\",\"position\":1,\"name\":\"Startseite\",\"item\":\"https:\\\/\\\/feuerwehr-bad-zwischenahn.de\\\/Feuerwehr\\\/\"},{\"@type\":\"ListItem\",\"position\":2,\"name\":\"IuK\"}]},{\"@type\":\"WebSite\",\"@id\":\"https:\\\/\\\/feuerwehr-bad-zwischenahn.de\\\/Feuerwehr\\\/#website\",\"url\":\"https:\\\/\\\/feuerwehr-bad-zwischenahn.de\\\/Feuerwehr\\\/\",\"name\":\"Feuerwehr Bad Zwischenahn\",\"description\":\"\",\"potentialAction\":[{\"@type\":\"SearchAction\",\"target\":{\"@type\":\"EntryPoint\",\"urlTemplate\":\"https:\\\/\\\/feuerwehr-bad-zwischenahn.de\\\/Feuerwehr\\\/?s={search_term_string}\"},\"query-input\":{\"@type\":\"PropertyValueSpecification\",\"valueRequired\":true,\"valueName\":\"search_term_string\"}}],\"inLanguage\":\"de\"}]}<\/script>\n<!-- \/ Yoast SEO plugin. -->","yoast_head_json":{"title":"IuK - Feuerwehr Bad Zwischenahn","robots":{"index":"index","follow":"follow","max-snippet":"max-snippet:-1","max-image-preview":"max-image-preview:large","max-video-preview":"max-video-preview:-1"},"canonical":"https:\/\/feuerwehr-bad-zwischenahn.de\/Feuerwehr\/drohne\/","og_locale":"de_DE","og_type":"article","og_title":"IuK - Feuerwehr Bad Zwischenahn","og_url":"https:\/\/feuerwehr-bad-zwischenahn.de\/Feuerwehr\/drohne\/","og_site_name":"Feuerwehr Bad Zwischenahn","article_modified_time":"2025-05-27T07:45:49+00:00","twitter_card":"summary_large_image","twitter_misc":{"Gesch\u00e4tzte Lesezeit":"1\u00a0Minute"},"schema":{"@context":"https:\/\/schema.org","@graph":[{"@type":"WebPage","@id":"https:\/\/feuerwehr-bad-zwischenahn.de\/Feuerwehr\/drohne\/","url":"https:\/\/feuerwehr-bad-zwischenahn.de\/Feuerwehr\/drohne\/","name":"IuK - Feuerwehr Bad Zwischenahn","isPartOf":{"@id":"https:\/\/feuerwehr-bad-zwischenahn.de\/Feuerwehr\/#website"},"datePublished":"2025-04-20T14:33:54+00:00","dateModified":"2025-05-27T07:45:49+00:00","breadcrumb":{"@id":"https:\/\/feuerwehr-bad-zwischenahn.de\/Feuerwehr\/drohne\/#breadcrumb"},"inLanguage":"de","potentialAction":[{"@type":"ReadAction","target":["https:\/\/feuerwehr-bad-zwischenahn.de\/Feuerwehr\/drohne\/"]}]},{"@type":"BreadcrumbList","@id":"https:\/\/feuerwehr-bad-zwischenahn.de\/Feuerwehr\/drohne\/#breadcrumb","itemListElement":[{"@type":"ListItem","position":1,"name":"Startseite","item":"https:\/\/feuerwehr-bad-zwischenahn.de\/Feuerwehr\/"},{"@type":"ListItem","position":2,"name":"IuK"}]},{"@type":"WebSite","@id":"https:\/\/feuerwehr-bad-zwischenahn.de\/Feuerwehr\/#website","url":"https:\/\/feuerwehr-bad-zwischenahn.de\/Feuerwehr\/","name":"Feuerwehr Bad Zwischenahn","description":"","potentialAction":[{"@type":"SearchAction","target":{"@type":"EntryPoint","urlTemplate":"https:\/\/feuerwehr-bad-zwischenahn.de\/Feuerwehr\/?s={search_term_string}"},"query-input":{"@type":"PropertyValueSpecification","valueRequired":true,"valueName":"search_term_string"}}],"inLanguage":"de"}]}},"_links":{"self":[{"href":"https:\/\/feuerwehr-bad-zwischenahn.de\/Feuerwehr\/wp-json\/wp\/v2\/pages\/2046","targetHints":{"allow":["GET"]}}],"collection":[{"href":"https:\/\/feuerwehr-bad-zwischenahn.de\/Feuerwehr\/wp-json\/wp\/v2\/pages"}],"about":[{"href":"https:\/\/feuerwehr-bad-zwischenahn.de\/Feuerwehr\/wp-json\/wp\/v2\/types\/page"}],"author":[{"embeddable":true,"href":"https:\/\/feuerwehr-bad-zwischenahn.de\/Feuerwehr\/wp-json\/wp\/v2\/users\/6"}],"replies":[{"embeddable":true,"href":"https:\/\/feuerwehr-bad-zwischenahn.de\/Feuerwehr\/wp-json\/wp\/v2\/comments?post=2046"}],"version-history":[{"count":5,"href":"https:\/\/feuerwehr-bad-zwischenahn.de\/Feuerwehr\/wp-json\/wp\/v2\/pages\/2046\/revisions"}],"predecessor-version":[{"id":2224,"href":"https:\/\/feuerwehr-bad-zwischenahn.de\/Feuerwehr\/wp-json\/wp\/v2\/pages\/2046\/revisions\/2224"}],"wp:attachment":[{"href":"https:\/\/feuerwehr-bad-zwischenahn.de\/Feuerwehr\/wp-json\/wp\/v2\/media?parent=2046"}],"curies":[{"name":"wp","href":"https:\/\/api.w.org\/{rel}","templated":true}]}}

<div  class='flex_column av-2hkhtq-d3981c4be6601393bbfcd83ae9717612 av_one_full  avia-builder-el-0  avia-builder-el-no-sibling  first flex_column_div  '     ><section  class='av_textblock_section av-mb4rhlce-763234bc5c87cba4a9b117f8232eb3ac '   itemscope="itemscope" itemtype="https://schema.org/CreativeWork" ><div class='avia_textblock'  itemprop="text" ><h3>Drohne</h3>
<p>Die <strong>Fachgruppe Drohne</strong> wurde  im Jahr 2021 gegründet um schnelle Hilfe ohne größeren Zeitverlust im eigenen Landkreis zu ermöglichen. Dabei wird auf Mitglieder der Gemeindefeuerwehren zurückgegriffen, die diese im Ernstfall bedienen können.</p>
<p>21 Kameraden lassen sich dafür als Drohnenpiloten umfangreich ausbilden (A1/A3, sowie A2 Fernpiloten Zeugnis der EASA und LBA).<br />
Zudem stehen zwei Drohnen zur Verfügung:<br />
&#8211; DJI Mavic Air 2<br />
&#8211; DJI Matrice 300RTK mit H20T</p>
<p>Zudem erhält die Drohnengruppe ein eigenes Transportmittel um unabhängiger zur Einsatzstelle fahren zu können.</p>
<p>Die Drohne wird genutzt um bei einer Personensuche Wärmebildaufnahmen anfertigen zu können, bei Großbränden Glutnester anzuzeigen oder durch taktische Bilder dem Einsatzleiter zu unterstützen.</p>
<p>Mehr Infos auf der <a href="https://www.kreisfeuerwehr-ammerland.de/fachzug-iuk/">Seite</a> der Kreisfeuerwehr Ammerland.</p>
<h3>ELW 2</h3>
<p>Die Fachgruppe um den ELW 2  besteht aus Fernmeldepersonal und Führungsassistenten die dem ELW 1 bei größeren Einsatzstellen unterstützen. Hierbei geht es in erster Linie um den Kontakt von der E-Stelle zur Leitstelle. Auch ein Besprechungsraum ist vorhanden, in denen die Einsatzleiter und z.B. andere Behörden Lagebesprechungen abhalten können.</p>
</div></section></div>

<!-- This site is optimized with the Yoast SEO plugin v27.4 - https://yoast.com/product/yoast-seo-wordpress/ -->
<title>IuK - Feuerwehr Bad Zwischenahn</title>
<meta name="robots" content="index, follow, max-snippet:-1, max-image-preview:large, max-video-preview:-1" />
<link rel="canonical" href="https://feuerwehr-bad-zwischenahn.de/Feuerwehr/drohne/" />
<meta property="og:locale" content="de_DE" />
<meta property="og:type" content="article" />
<meta property="og:title" content="IuK - Feuerwehr Bad Zwischenahn" />
<meta property="og:url" content="https://feuerwehr-bad-zwischenahn.de/Feuerwehr/drohne/" />
<meta property="og:site_name" content="Feuerwehr Bad Zwischenahn" />
<meta property="article:modified_time" content="2025-05-27T07:45:49+00:00" />
<meta name="twitter:card" content="summary_large_image" />
<meta name="twitter:label1" content="Geschätzte Lesezeit" />
	<meta name="twitter:data1" content="1 Minute" />
<script type="application/ld+json" class="yoast-schema-graph">{"@context":"https:\/\/schema.org","@graph":[{"@type":"WebPage","@id":"https:\/\/feuerwehr-bad-zwischenahn.de\/Feuerwehr\/drohne\/","url":"https:\/\/feuerwehr-bad-zwischenahn.de\/Feuerwehr\/drohne\/","name":"IuK - Feuerwehr Bad Zwischenahn","isPartOf":{"@id":"https:\/\/feuerwehr-bad-zwischenahn.de\/Feuerwehr\/#website"},"datePublished":"2025-04-20T14:33:54+00:00","dateModified":"2025-05-27T07:45:49+00:00","breadcrumb":{"@id":"https:\/\/feuerwehr-bad-zwischenahn.de\/Feuerwehr\/drohne\/#breadcrumb"},"inLanguage":"de","potentialAction":[{"@type":"ReadAction","target":["https:\/\/feuerwehr-bad-zwischenahn.de\/Feuerwehr\/drohne\/"]}]},{"@type":"BreadcrumbList","@id":"https:\/\/feuerwehr-bad-zwischenahn.de\/Feuerwehr\/drohne\/#breadcrumb","itemListElement":[{"@type":"ListItem","position":1,"name":"Startseite","item":"https:\/\/feuerwehr-bad-zwischenahn.de\/Feuerwehr\/"},{"@type":"ListItem","position":2,"name":"IuK"}]},{"@type":"WebSite","@id":"https:\/\/feuerwehr-bad-zwischenahn.de\/Feuerwehr\/#website","url":"https:\/\/feuerwehr-bad-zwischenahn.de\/Feuerwehr\/","name":"Feuerwehr Bad Zwischenahn","description":"","potentialAction":[{"@type":"SearchAction","target":{"@type":"EntryPoint","urlTemplate":"https:\/\/feuerwehr-bad-zwischenahn.de\/Feuerwehr\/?s={search_term_string}"},"query-input":{"@type":"PropertyValueSpecification","valueRequired":true,"valueName":"search_term_string"}}],"inLanguage":"de"}]}</script>
<!-- / Yoast SEO plugin. -->
