{"id":3174,"date":"2026-03-09T13:50:00","date_gmt":"2026-03-09T12:50:00","guid":{"rendered":"https:\/\/feuerwehr-bad-zwischenahn.de\/Feuerwehr\/?post_type=einsatz&#038;p=3174"},"modified":"2026-03-12T16:11:57","modified_gmt":"2026-03-12T15:11:57","slug":"f0-brandnachschau","status":"publish","type":"einsatz","link":"https:\/\/feuerwehr-bad-zwischenahn.de\/Feuerwehr\/einsatzberichte\/f0-brandnachschau\/","title":{"rendered":"F0 &#8211; Brandnachschau"},"content":{"rendered":"<p>Am 09.03. um 13:50 Uhr wurde unser Ortsbrandmeister telefonisch zu einer Brandnachschau alarmiert.<\/p>\n<p>Auf dem Dachboden eines Objektes haben in einer Bel\u00fcftungsanlage ein Elektromotor und Kabel gebrannt. Das Feuer war durch Mitarbeiter entdeckt worden und durch das Ausschalten der Stromversorgung von alleine erloschen.<\/p>\n<p>Die Nachkontrolle mittels W\u00e4rmebildkamera ergab keine Restw\u00e4rme oder sonstige Auff\u00e4lligkeiten, sodass der Einsatz schnell beendet werden konnte.<\/p>\n","protected":false},"author":4,"featured_media":1737,"template":"","meta":{"einsatz_weight":1,"footnotes":""},"categories":[],"einsatzart":[53],"fahrzeug":[],"exteinsatzmittel":[],"alarmierungsart":[5],"evw_unit":[6],"class_list":["post-3174","einsatz","type-einsatz","status-publish","has-post-thumbnail","hentry","einsatzart-f0","alarmierungsart-telefon","evw_unit-bad-zwischenahn"],"yoast_head":"<!-- This site is optimized with the Yoast SEO plugin v27.4 - https:\/\/yoast.com\/product\/yoast-seo-wordpress\/ -->\n<title>F0 - Brandnachschau - Feuerwehr Bad Zwischenahn<\/title>\n<meta name=\"robots\" content=\"index, follow, max-snippet:-1, max-image-preview:large, max-video-preview:-1\" \/>\n<link rel=\"canonical\" href=\"https:\/\/feuerwehr-bad-zwischenahn.de\/Feuerwehr\/einsatzberichte\/f0-brandnachschau\/\" \/>\n<meta property=\"og:locale\" content=\"de_DE\" \/>\n<meta property=\"og:type\" content=\"article\" \/>\n<meta property=\"og:title\" content=\"F0 - Brandnachschau - Feuerwehr Bad Zwischenahn\" \/>\n<meta property=\"og:description\" content=\"Am 09.03. um 13:50 Uhr wurde unser Ortsbrandmeister telefonisch zu einer Brandnachschau alarmiert. Auf dem Dachboden eines Objektes haben in einer Bel\u00fcftungsanlage ein Elektromotor und Kabel gebrannt. Das Feuer war durch Mitarbeiter entdeckt worden und durch das Ausschalten der Stromversorgung von alleine erloschen. Die Nachkontrolle mittels W\u00e4rmebildkamera ergab keine Restw\u00e4rme oder sonstige Auff\u00e4lligkeiten, sodass der [&hellip;]\" \/>\n<meta property=\"og:url\" content=\"https:\/\/feuerwehr-bad-zwischenahn.de\/Feuerwehr\/einsatzberichte\/f0-brandnachschau\/\" \/>\n<meta property=\"og:site_name\" content=\"Feuerwehr Bad Zwischenahn\" \/>\n<meta property=\"article:modified_time\" content=\"2026-03-12T15:11:57+00:00\" \/>\n<meta property=\"og:image\" content=\"https:\/\/feuerwehr-bad-zwischenahn.de\/Feuerwehr\/wp-content\/uploads\/2025\/02\/IMG_20250223_220643.jpg\" \/>\n\t<meta property=\"og:image:width\" content=\"1080\" \/>\n\t<meta property=\"og:image:height\" content=\"708\" \/>\n\t<meta property=\"og:image:type\" content=\"image\/jpeg\" \/>\n<meta name=\"twitter:card\" content=\"summary_large_image\" \/>\n<meta name=\"twitter:label1\" content=\"Gesch\u00e4tzte Lesezeit\" \/>\n\t<meta name=\"twitter:data1\" content=\"1\u00a0Minute\" \/>\n<script type=\"application\/ld+json\" class=\"yoast-schema-graph\">{\"@context\":\"https:\\\/\\\/schema.org\",\"@graph\":[{\"@type\":\"WebPage\",\"@id\":\"https:\\\/\\\/feuerwehr-bad-zwischenahn.de\\\/Feuerwehr\\\/einsatzberichte\\\/f0-brandnachschau\\\/\",\"url\":\"https:\\\/\\\/feuerwehr-bad-zwischenahn.de\\\/Feuerwehr\\\/einsatzberichte\\\/f0-brandnachschau\\\/\",\"name\":\"F0 - Brandnachschau - Feuerwehr Bad Zwischenahn\",\"isPartOf\":{\"@id\":\"https:\\\/\\\/feuerwehr-bad-zwischenahn.de\\\/Feuerwehr\\\/#website\"},\"primaryImageOfPage\":{\"@id\":\"https:\\\/\\\/feuerwehr-bad-zwischenahn.de\\\/Feuerwehr\\\/einsatzberichte\\\/f0-brandnachschau\\\/#primaryimage\"},\"image\":{\"@id\":\"https:\\\/\\\/feuerwehr-bad-zwischenahn.de\\\/Feuerwehr\\\/einsatzberichte\\\/f0-brandnachschau\\\/#primaryimage\"},\"thumbnailUrl\":\"https:\\\/\\\/feuerwehr-bad-zwischenahn.de\\\/Feuerwehr\\\/wp-content\\\/uploads\\\/2025\\\/02\\\/IMG_20250223_220643.jpg\",\"datePublished\":\"2026-03-09T12:50:00+00:00\",\"dateModified\":\"2026-03-12T15:11:57+00:00\",\"breadcrumb\":{\"@id\":\"https:\\\/\\\/feuerwehr-bad-zwischenahn.de\\\/Feuerwehr\\\/einsatzberichte\\\/f0-brandnachschau\\\/#breadcrumb\"},\"inLanguage\":\"de\",\"potentialAction\":[{\"@type\":\"ReadAction\",\"target\":[\"https:\\\/\\\/feuerwehr-bad-zwischenahn.de\\\/Feuerwehr\\\/einsatzberichte\\\/f0-brandnachschau\\\/\"]}]},{\"@type\":\"ImageObject\",\"inLanguage\":\"de\",\"@id\":\"https:\\\/\\\/feuerwehr-bad-zwischenahn.de\\\/Feuerwehr\\\/einsatzberichte\\\/f0-brandnachschau\\\/#primaryimage\",\"url\":\"https:\\\/\\\/feuerwehr-bad-zwischenahn.de\\\/Feuerwehr\\\/wp-content\\\/uploads\\\/2025\\\/02\\\/IMG_20250223_220643.jpg\",\"contentUrl\":\"https:\\\/\\\/feuerwehr-bad-zwischenahn.de\\\/Feuerwehr\\\/wp-content\\\/uploads\\\/2025\\\/02\\\/IMG_20250223_220643.jpg\",\"width\":1080,\"height\":708},{\"@type\":\"BreadcrumbList\",\"@id\":\"https:\\\/\\\/feuerwehr-bad-zwischenahn.de\\\/Feuerwehr\\\/einsatzberichte\\\/f0-brandnachschau\\\/#breadcrumb\",\"itemListElement\":[{\"@type\":\"ListItem\",\"position\":1,\"name\":\"Startseite\",\"item\":\"https:\\\/\\\/feuerwehr-bad-zwischenahn.de\\\/Feuerwehr\\\/\"},{\"@type\":\"ListItem\",\"position\":2,\"name\":\"Einsatzberichte\",\"item\":\"https:\\\/\\\/feuerwehr-bad-zwischenahn.de\\\/Feuerwehr\\\/einsatzberichte\\\/\"},{\"@type\":\"ListItem\",\"position\":3,\"name\":\"F0 &#8211; Brandnachschau\"}]},{\"@type\":\"WebSite\",\"@id\":\"https:\\\/\\\/feuerwehr-bad-zwischenahn.de\\\/Feuerwehr\\\/#website\",\"url\":\"https:\\\/\\\/feuerwehr-bad-zwischenahn.de\\\/Feuerwehr\\\/\",\"name\":\"Feuerwehr Bad Zwischenahn\",\"description\":\"\",\"potentialAction\":[{\"@type\":\"SearchAction\",\"target\":{\"@type\":\"EntryPoint\",\"urlTemplate\":\"https:\\\/\\\/feuerwehr-bad-zwischenahn.de\\\/Feuerwehr\\\/?s={search_term_string}\"},\"query-input\":{\"@type\":\"PropertyValueSpecification\",\"valueRequired\":true,\"valueName\":\"search_term_string\"}}],\"inLanguage\":\"de\"}]}<\/script>\n<!-- \/ Yoast SEO plugin. -->","yoast_head_json":{"title":"F0 - Brandnachschau - Feuerwehr Bad Zwischenahn","robots":{"index":"index","follow":"follow","max-snippet":"max-snippet:-1","max-image-preview":"max-image-preview:large","max-video-preview":"max-video-preview:-1"},"canonical":"https:\/\/feuerwehr-bad-zwischenahn.de\/Feuerwehr\/einsatzberichte\/f0-brandnachschau\/","og_locale":"de_DE","og_type":"article","og_title":"F0 - Brandnachschau - Feuerwehr Bad Zwischenahn","og_description":"Am 09.03. um 13:50 Uhr wurde unser Ortsbrandmeister telefonisch zu einer Brandnachschau alarmiert. Auf dem Dachboden eines Objektes haben in einer Bel\u00fcftungsanlage ein Elektromotor und Kabel gebrannt. Das Feuer war durch Mitarbeiter entdeckt worden und durch das Ausschalten der Stromversorgung von alleine erloschen. Die Nachkontrolle mittels W\u00e4rmebildkamera ergab keine Restw\u00e4rme oder sonstige Auff\u00e4lligkeiten, sodass der [&hellip;]","og_url":"https:\/\/feuerwehr-bad-zwischenahn.de\/Feuerwehr\/einsatzberichte\/f0-brandnachschau\/","og_site_name":"Feuerwehr Bad Zwischenahn","article_modified_time":"2026-03-12T15:11:57+00:00","og_image":[{"width":1080,"height":708,"url":"https:\/\/feuerwehr-bad-zwischenahn.de\/Feuerwehr\/wp-content\/uploads\/2025\/02\/IMG_20250223_220643.jpg","type":"image\/jpeg"}],"twitter_card":"summary_large_image","twitter_misc":{"Gesch\u00e4tzte Lesezeit":"1\u00a0Minute"},"schema":{"@context":"https:\/\/schema.org","@graph":[{"@type":"WebPage","@id":"https:\/\/feuerwehr-bad-zwischenahn.de\/Feuerwehr\/einsatzberichte\/f0-brandnachschau\/","url":"https:\/\/feuerwehr-bad-zwischenahn.de\/Feuerwehr\/einsatzberichte\/f0-brandnachschau\/","name":"F0 - Brandnachschau - Feuerwehr Bad Zwischenahn","isPartOf":{"@id":"https:\/\/feuerwehr-bad-zwischenahn.de\/Feuerwehr\/#website"},"primaryImageOfPage":{"@id":"https:\/\/feuerwehr-bad-zwischenahn.de\/Feuerwehr\/einsatzberichte\/f0-brandnachschau\/#primaryimage"},"image":{"@id":"https:\/\/feuerwehr-bad-zwischenahn.de\/Feuerwehr\/einsatzberichte\/f0-brandnachschau\/#primaryimage"},"thumbnailUrl":"https:\/\/feuerwehr-bad-zwischenahn.de\/Feuerwehr\/wp-content\/uploads\/2025\/02\/IMG_20250223_220643.jpg","datePublished":"2026-03-09T12:50:00+00:00","dateModified":"2026-03-12T15:11:57+00:00","breadcrumb":{"@id":"https:\/\/feuerwehr-bad-zwischenahn.de\/Feuerwehr\/einsatzberichte\/f0-brandnachschau\/#breadcrumb"},"inLanguage":"de","potentialAction":[{"@type":"ReadAction","target":["https:\/\/feuerwehr-bad-zwischenahn.de\/Feuerwehr\/einsatzberichte\/f0-brandnachschau\/"]}]},{"@type":"ImageObject","inLanguage":"de","@id":"https:\/\/feuerwehr-bad-zwischenahn.de\/Feuerwehr\/einsatzberichte\/f0-brandnachschau\/#primaryimage","url":"https:\/\/feuerwehr-bad-zwischenahn.de\/Feuerwehr\/wp-content\/uploads\/2025\/02\/IMG_20250223_220643.jpg","contentUrl":"https:\/\/feuerwehr-bad-zwischenahn.de\/Feuerwehr\/wp-content\/uploads\/2025\/02\/IMG_20250223_220643.jpg","width":1080,"height":708},{"@type":"BreadcrumbList","@id":"https:\/\/feuerwehr-bad-zwischenahn.de\/Feuerwehr\/einsatzberichte\/f0-brandnachschau\/#breadcrumb","itemListElement":[{"@type":"ListItem","position":1,"name":"Startseite","item":"https:\/\/feuerwehr-bad-zwischenahn.de\/Feuerwehr\/"},{"@type":"ListItem","position":2,"name":"Einsatzberichte","item":"https:\/\/feuerwehr-bad-zwischenahn.de\/Feuerwehr\/einsatzberichte\/"},{"@type":"ListItem","position":3,"name":"F0 &#8211; Brandnachschau"}]},{"@type":"WebSite","@id":"https:\/\/feuerwehr-bad-zwischenahn.de\/Feuerwehr\/#website","url":"https:\/\/feuerwehr-bad-zwischenahn.de\/Feuerwehr\/","name":"Feuerwehr Bad Zwischenahn","description":"","potentialAction":[{"@type":"SearchAction","target":{"@type":"EntryPoint","urlTemplate":"https:\/\/feuerwehr-bad-zwischenahn.de\/Feuerwehr\/?s={search_term_string}"},"query-input":{"@type":"PropertyValueSpecification","valueRequired":true,"valueName":"search_term_string"}}],"inLanguage":"de"}]}},"_links":{"self":[{"href":"https:\/\/feuerwehr-bad-zwischenahn.de\/Feuerwehr\/wp-json\/wp\/v2\/einsatz\/3174","targetHints":{"allow":["GET"]}}],"collection":[{"href":"https:\/\/feuerwehr-bad-zwischenahn.de\/Feuerwehr\/wp-json\/wp\/v2\/einsatz"}],"about":[{"href":"https:\/\/feuerwehr-bad-zwischenahn.de\/Feuerwehr\/wp-json\/wp\/v2\/types\/einsatz"}],"author":[{"embeddable":true,"href":"https:\/\/feuerwehr-bad-zwischenahn.de\/Feuerwehr\/wp-json\/wp\/v2\/users\/4"}],"version-history":[{"count":2,"href":"https:\/\/feuerwehr-bad-zwischenahn.de\/Feuerwehr\/wp-json\/wp\/v2\/einsatz\/3174\/revisions"}],"predecessor-version":[{"id":3188,"href":"https:\/\/feuerwehr-bad-zwischenahn.de\/Feuerwehr\/wp-json\/wp\/v2\/einsatz\/3174\/revisions\/3188"}],"wp:featuredmedia":[{"embeddable":true,"href":"https:\/\/feuerwehr-bad-zwischenahn.de\/Feuerwehr\/wp-json\/wp\/v2\/media\/1737"}],"wp:attachment":[{"href":"https:\/\/feuerwehr-bad-zwischenahn.de\/Feuerwehr\/wp-json\/wp\/v2\/media?parent=3174"}],"wp:term":[{"taxonomy":"category","embeddable":true,"href":"https:\/\/feuerwehr-bad-zwischenahn.de\/Feuerwehr\/wp-json\/wp\/v2\/categories?post=3174"},{"taxonomy":"einsatzart","embeddable":true,"href":"https:\/\/feuerwehr-bad-zwischenahn.de\/Feuerwehr\/wp-json\/wp\/v2\/einsatzart?post=3174"},{"taxonomy":"fahrzeug","embeddable":true,"href":"https:\/\/feuerwehr-bad-zwischenahn.de\/Feuerwehr\/wp-json\/wp\/v2\/fahrzeug?post=3174"},{"taxonomy":"exteinsatzmittel","embeddable":true,"href":"https:\/\/feuerwehr-bad-zwischenahn.de\/Feuerwehr\/wp-json\/wp\/v2\/exteinsatzmittel?post=3174"},{"taxonomy":"alarmierungsart","embeddable":true,"href":"https:\/\/feuerwehr-bad-zwischenahn.de\/Feuerwehr\/wp-json\/wp\/v2\/alarmierungsart?post=3174"},{"taxonomy":"evw_unit","embeddable":true,"href":"https:\/\/feuerwehr-bad-zwischenahn.de\/Feuerwehr\/wp-json\/wp\/v2\/evw_unit?post=3174"}],"curies":[{"name":"wp","href":"https:\/\/api.w.org\/{rel}","templated":true}]}}

<p>Am 09.03. um 13:50 Uhr wurde unser Ortsbrandmeister telefonisch zu einer Brandnachschau alarmiert.</p>
<p>Auf dem Dachboden eines Objektes haben in einer Belüftungsanlage ein Elektromotor und Kabel gebrannt. Das Feuer war durch Mitarbeiter entdeckt worden und durch das Ausschalten der Stromversorgung von alleine erloschen.</p>
<p>Die Nachkontrolle mittels Wärmebildkamera ergab keine Restwärme oder sonstige Auffälligkeiten, sodass der Einsatz schnell beendet werden konnte.</p>

<!-- This site is optimized with the Yoast SEO plugin v27.4 - https://yoast.com/product/yoast-seo-wordpress/ -->
<title>F0 - Brandnachschau - Feuerwehr Bad Zwischenahn</title>
<meta name="robots" content="index, follow, max-snippet:-1, max-image-preview:large, max-video-preview:-1" />
<link rel="canonical" href="https://feuerwehr-bad-zwischenahn.de/Feuerwehr/einsatzberichte/f0-brandnachschau/" />
<meta property="og:locale" content="de_DE" />
<meta property="og:type" content="article" />
<meta property="og:title" content="F0 - Brandnachschau - Feuerwehr Bad Zwischenahn" />
<meta property="og:description" content="Am 09.03. um 13:50 Uhr wurde unser Ortsbrandmeister telefonisch zu einer Brandnachschau alarmiert. Auf dem Dachboden eines Objektes haben in einer Belüftungsanlage ein Elektromotor und Kabel gebrannt. Das Feuer war durch Mitarbeiter entdeckt worden und durch das Ausschalten der Stromversorgung von alleine erloschen. Die Nachkontrolle mittels Wärmebildkamera ergab keine Restwärme oder sonstige Auffälligkeiten, sodass der [&hellip;]" />
<meta property="og:url" content="https://feuerwehr-bad-zwischenahn.de/Feuerwehr/einsatzberichte/f0-brandnachschau/" />
<meta property="og:site_name" content="Feuerwehr Bad Zwischenahn" />
<meta property="article:modified_time" content="2026-03-12T15:11:57+00:00" />
<meta property="og:image" content="https://feuerwehr-bad-zwischenahn.de/Feuerwehr/wp-content/uploads/2025/02/IMG_20250223_220643.jpg" />
	<meta property="og:image:width" content="1080" />
	<meta property="og:image:height" content="708" />
	<meta property="og:image:type" content="image/jpeg" />
<meta name="twitter:card" content="summary_large_image" />
<meta name="twitter:label1" content="Geschätzte Lesezeit" />
	<meta name="twitter:data1" content="1 Minute" />
<script type="application/ld+json" class="yoast-schema-graph">{"@context":"https:\/\/schema.org","@graph":[{"@type":"WebPage","@id":"https:\/\/feuerwehr-bad-zwischenahn.de\/Feuerwehr\/einsatzberichte\/f0-brandnachschau\/","url":"https:\/\/feuerwehr-bad-zwischenahn.de\/Feuerwehr\/einsatzberichte\/f0-brandnachschau\/","name":"F0 - Brandnachschau - Feuerwehr Bad Zwischenahn","isPartOf":{"@id":"https:\/\/feuerwehr-bad-zwischenahn.de\/Feuerwehr\/#website"},"primaryImageOfPage":{"@id":"https:\/\/feuerwehr-bad-zwischenahn.de\/Feuerwehr\/einsatzberichte\/f0-brandnachschau\/#primaryimage"},"image":{"@id":"https:\/\/feuerwehr-bad-zwischenahn.de\/Feuerwehr\/einsatzberichte\/f0-brandnachschau\/#primaryimage"},"thumbnailUrl":"https:\/\/feuerwehr-bad-zwischenahn.de\/Feuerwehr\/wp-content\/uploads\/2025\/02\/IMG_20250223_220643.jpg","datePublished":"2026-03-09T12:50:00+00:00","dateModified":"2026-03-12T15:11:57+00:00","breadcrumb":{"@id":"https:\/\/feuerwehr-bad-zwischenahn.de\/Feuerwehr\/einsatzberichte\/f0-brandnachschau\/#breadcrumb"},"inLanguage":"de","potentialAction":[{"@type":"ReadAction","target":["https:\/\/feuerwehr-bad-zwischenahn.de\/Feuerwehr\/einsatzberichte\/f0-brandnachschau\/"]}]},{"@type":"ImageObject","inLanguage":"de","@id":"https:\/\/feuerwehr-bad-zwischenahn.de\/Feuerwehr\/einsatzberichte\/f0-brandnachschau\/#primaryimage","url":"https:\/\/feuerwehr-bad-zwischenahn.de\/Feuerwehr\/wp-content\/uploads\/2025\/02\/IMG_20250223_220643.jpg","contentUrl":"https:\/\/feuerwehr-bad-zwischenahn.de\/Feuerwehr\/wp-content\/uploads\/2025\/02\/IMG_20250223_220643.jpg","width":1080,"height":708},{"@type":"BreadcrumbList","@id":"https:\/\/feuerwehr-bad-zwischenahn.de\/Feuerwehr\/einsatzberichte\/f0-brandnachschau\/#breadcrumb","itemListElement":[{"@type":"ListItem","position":1,"name":"Startseite","item":"https:\/\/feuerwehr-bad-zwischenahn.de\/Feuerwehr\/"},{"@type":"ListItem","position":2,"name":"Einsatzberichte","item":"https:\/\/feuerwehr-bad-zwischenahn.de\/Feuerwehr\/einsatzberichte\/"},{"@type":"ListItem","position":3,"name":"F0 &#8211; Brandnachschau"}]},{"@type":"WebSite","@id":"https:\/\/feuerwehr-bad-zwischenahn.de\/Feuerwehr\/#website","url":"https:\/\/feuerwehr-bad-zwischenahn.de\/Feuerwehr\/","name":"Feuerwehr Bad Zwischenahn","description":"","potentialAction":[{"@type":"SearchAction","target":{"@type":"EntryPoint","urlTemplate":"https:\/\/feuerwehr-bad-zwischenahn.de\/Feuerwehr\/?s={search_term_string}"},"query-input":{"@type":"PropertyValueSpecification","valueRequired":true,"valueName":"search_term_string"}}],"inLanguage":"de"}]}</script>
<!-- / Yoast SEO plugin. -->

Am 09.03. um 13:50 Uhr wurde unser Ortsbrandmeister telefonisch zu einer Brandnachschau alarmiert. Auf dem Dachboden eines Objektes haben in einer Belüftungsanlage ein Elektromotor und Kabel gebrannt. Das Feuer war durch Mitarbeiter entdeckt worden und durch das Ausschalten der Stromversorgung von alleine erloschen. Die Nachkontrolle mittels Wärmebildkamera ergab keine Restwärme oder sonstige Auffälligkeiten, sodass der [&hellip;]
